 factors of 72431015?
5, 37, 391519
List the prime factors of 7531147.
13, 44563
What are the prime factors of 1006035522?
2, 3, 19, 464467
List the prime factors of 732237361.
23, 31836407
List the prime factors of 3441966690.
2, 3, 5, 114732223
List the prime factors of 41892824.
2, 971, 5393
What are the prime factors of 4443874078?
2, 7, 317419577
What are the prime factors of 109825434?
2, 3, 19, 53, 73, 83
List the prime factors of 1990398040.
2, 5, 53, 59, 15913
List the prime factors of 1751406866.
2, 11, 487, 163469
What are the prime factors of 83787335?
5, 631, 26557
List the prime factors of 5096748854.
2, 1109, 2297903
List the prime factors of 77811346.
2, 17, 19, 23, 5237
What are the prime factors of 75704270?
2, 5, 23, 443, 743
What are the prime factors of 522871938?
2, 3, 37, 785093
What are the prime factors of 102431565?
3, 5, 19, 47, 2549
What are the prime factors of 230067987?
3, 17, 79, 3359
What are the prime factors of 1237526092?
2, 11, 1787, 15739
What are the prime factors of 266604021?
3, 9874223
What are the prime factors of 22724097?
3, 11, 73, 9433
What are the prime factors of 38267032?
2, 23, 207973
What are the prime factors of 157185739?
109, 1442071
What are the prime factors of 1785646599?
3, 11, 54110503
List the prime factors of 376223235.
3, 5, 29, 59, 107, 137
List the prime factors of 108187342.
2, 29, 1865299
List the prime factors of 1102231841.
1102231841
List the prime factors of 147557500.
2, 5, 59023
List the prime factors of 875493237.
3, 291831079
List the prime factors of 2517575066.
2, 1258787533
List the prime factors of 694041252.
2, 3, 17, 983, 3461
List the prime factors of 88896002.
2, 13, 67, 51031
What are the prime factors of 254705295?
3, 5, 13, 1306181
List the prime factors of 72150026.
2, 13, 2775001
What are the prime factors of 405604856?
2, 19, 2668453
List the prime factors of 53129083.
7, 1084267
List the prime factors of 70742674.
2, 433, 81689
What are the prime factors of 66166258?
2, 59, 431, 1301
List the prime factors of 18282158.
2, 127, 167, 431
What are the prime factors of 32516106?
2, 3, 7, 19, 5821
List the prime factors of 512781131.
6529, 78539
List the prime factors of 45100182.
2, 3, 251, 29947
What are the prime factors of 40555133?
40555133
What are the prime factors of 5102899100?
2, 5, 13, 3925307
What are the prime factors of 1534467712?
2, 11988029
What are the prime factors of 652205197?
7, 93172171
List the prime factors of 122236254.
2, 3, 7, 571, 1699
List the prime factors of 58082474.
2, 101, 287537
List the prime factors of 498004500.
2, 3, 5, 7, 43, 1103
List the prime factors of 52609390.
2, 5, 17, 53, 5839
What are the prime factors of 36804376?
2, 7, 571, 1151
List the prime factors of 4478178058.
2, 19, 117846791
List the prime factors of 180101108.
2, 11, 431, 9497
List the prime factors of 252519046.
2, 13, 9712271
List the prime factors of 94197992.
2, 7, 41, 5861
What are the prime factors of 21059261?
31, 317, 2143
List the prime factors of 44447476.
2, 1871, 5939
What are the prime factors of 31020729?
3, 10340243
What are the prime factors of 118310238?
2, 3, 37, 401, 443
What are the prime factors of 12378106?
2, 13, 476081
What are the prime factors of 32540721?
3, 941, 11527
List the prime factors of 865492433.
13, 43, 119099
List the prime factors of 938113834.
2, 7, 23, 149, 19553
What are the prime factors of 738252267?
3, 359, 685471
List the prime factors of 211265055.
3, 5, 4694779
What are the prime factors of 47234913?
3, 11, 1431361
What are the prime factors of 693268723?
7, 2213, 44753
List the prime factors of 664262678.
2, 23, 14440493
List the prime factors of 593060372.
2, 6221, 23833
List the prime factors of 2792861046.
2, 3, 2351, 7333
What are the prime factors of 6120240513?
3, 2040080171
List the prime factors of 1916200.
2, 5, 11, 13, 67
What are the prime factors of 13900790?
2, 5, 509, 2731
What are the prime factors of 344664335?
5, 61, 1130047
What are the prime factors of 467554854?
2, 3, 13, 353, 16981
List the prime factors of 3341809583.
7, 53, 9007573
What are the prime factors of 41171576?
2, 409, 12583
List the prime factors of 2881779769.
11, 17, 15410587
What are the prime factors of 36229833?
3, 173, 23269
What are the prime factors of 112724787?
3, 7, 101, 53147
What are the prime factors of 37698288?
2, 3, 23, 34147
What are the prime factors of 258731447?
13, 109, 157, 1163
What are the prime factors of 4502943266?
2, 19, 23, 5152109
List the prime factors of 474600191.
13, 61, 598487
List the prime factors of 49430195.
5, 181, 193, 283
What are the prime factors of 81070937?
81070937
What are the prime factors of 24259793?
863, 28111
What are the prime factors of 3525088?
2, 7, 15737
List the prime factors of 311961063.
3, 103987021
What are the prime factors of 414431130?
2, 3, 5, 13814371
What are the prime factors of 6338106751?
103, 593, 103769
List the prime factors of 285781358.
2, 142890679
List the prime factors of 1148009283.
3, 29, 4398503
What are the prime factors of 52656261?
3, 7, 59, 42499
What are the prime factors of 57286588?
2, 14321647
What are the prime factors of 1208880345?
3, 5, 23, 3504001
List the prime factors of 938629492.
2, 173, 1356401
List the prime factors of 6823922442.
2, 3, 251, 4531157
What are the prime factors of 628111756?
2, 157027939
What are the prime factors of 232650898?
2, 43, 2705243
List the prime factors of 77189249.
6857, 11257
What are the prime factors of 667418503?
667418503
List the prime factors of 56755346.
2, 28377673
List the prime factors of 244220318.
2, 122110159
List the prime factors of 468656250.
2, 3, 5, 4999
What are the prime factors of 3892013533?
1931, 2015543
What are the prime factors of 292004767?
17, 17176751
List the prime factors of 36350897.
11, 3304627
List the prime factors of 145762021.
145762021
List the prime factors of 37004196.
2, 3, 3083683
List the prime factors of 775717961.
4517, 171733
List the prime factors of 105966267.
3, 11, 23, 149, 937
What are the prime factors of 605504985?
3, 5, 40366999
What are the prime factors of 128076349?
383, 334403
List the prime factors of 161941445.
5, 211, 153499
List the prime factors of 1096651384.
2, 137081423
List the prime factors of 4505775281.
7, 643682183
What are the prime factors of 275624213?
17, 56101
List the prime factors of 105922905.
3, 5, 11, 89, 7213
What are the prime factors of 1608885862?
2, 4673, 172147
What are the prime factors of 258691476?
2, 3, 21557623
List the prime factors of 24282124.
2, 1549, 3919
What are the prime factors of 651542107?
9587, 67961
List the prime factors of 3082450021.
7, 47, 9369149
What are the prime factors of 7100175?
3, 5, 41, 2309
List the prime factors of 4677863067.
3, 29, 17922847
List the prime factors of 853123511.
27799, 30689
What are the prime factors of 1180640?
2, 5, 47, 157
List the prime factors of 1646146968.
2, 3, 83, 826379
What are the prime factors of 2056040122?
2, 19, 67, 2237
List the prime factors of 2803533254.
2, 181, 223, 34729
List the prime factors of 340891128.
2, 3, 31, 152729
List the prime factors of 528433756.
2, 132108439
What are the prime factors of 56564114?
2, 28282057
What are the prime factors of 892449116?
2, 13, 1320191
List the prime factors of 83879838.
2, 3, 7, 665713
What are the prime factors of 941762794?
2, 7, 67268771
What are the prime factors of 88972763?
11, 19, 23, 83, 223
List the prime factors of 161058471.
3, 7, 7669451
List the prime factors of 279706339.
11, 25427849
What are the prime factors of 308355034?
2, 13, 223, 4091
List the prime factors of 645009443.
13, 49616111
What are the prime factors of 9301465?
5, 17, 41, 157
List the prime factors of 936653542.
2, 11, 29, 1468109
What are the prime factors of 17204170?
2, 5, 17, 5953
List the prime factors of 794037247.
97, 8185951
What are the prime factors of 58139935?
5, 7, 1661141
List the prime factors of 508041756.
2, 3, 23, 613577
What are the prime factors of 542368984?
2, 19, 3568217
List the prime factors of 747356.
2, 257, 727
What are the prime factors of 97933954?
2, 23, 1409, 1511
List the prime factors of 445990492.
2, 111497623
What are the prime factors of 129480594?
2, 3, 1151, 18749